{"id":77,"date":"2019-11-28T16:32:21","date_gmt":"2019-11-28T14:32:21","guid":{"rendered":"http:\/\/www.kenneldonum.fi\/?page_id=77"},"modified":"2024-02-21T21:57:15","modified_gmt":"2024-02-21T19:57:15","slug":"g-pennut","status":"publish","type":"page","link":"https:\/\/www.kenneldonum.fi\/index.php\/kasvatit\/g-pennut\/","title":{"rendered":"G-pentue"},"content":{"rendered":"\n<p class=\"has-medium-font-size\"><a href=\"https:\/\/jalostus.kennelliitto.fi\/frmSukutaulu.aspx?RekNoI=FI52239\/16&amp;ReknoE=FI15431\/18\">Linda &amp; Eppu<\/a><br>Pennut syntyiv\u00e4t 20.10.2020<\/p>\n\n\n\n<p><a href=\"https:\/\/drive.google.com\/file\/d\/1xhwuQFymmceq_dNNFTnW7BJP2FLgXDiJ\/view\" target=\"_blank\" rel=\"noreferrer noopener\">Yhdistelm\u00e4 t\u00e4ytt\u00e4\u00e4 rotuj\u00e4rjest\u00f6n pentuv\u00e4lityksen vaatimukset ja suositukset<\/a><br><br>Nimesin G-pentueen \u00e4skett\u00e4in kuolleen kennelin kantanartun, Mintun muistolle (kaikki kennelin kasvatit ovat h\u00e4nen j\u00e4lkel\u00e4isi\u00e4\u00e4n). Minttu on my\u00f6s n\u00e4iden pentujen isoiso\u00e4iti.Mintun kennelnimi oli Concurrido Gala, joka tarkoittaa juhlaa. Ja vastaavasti kennelnimeni latinan Donum tarkoittaa lahjaa, lahjakasta tai juhlaa.<br><br>G-pentujen kennelnimet:<br>Donum Galaxia &#8211; johdettu gala-sanasta, linnunrata<br>Donum Genum &#8211; suku, geeni<br>Donum Gloria &#8211; kunnia<\/p>\n\n\n\n<p><\/p>\n\n\n\n<figure class=\"wp-block-image size-large is-resized\"><img decoding=\"async\" src=\"https:\/\/www.kenneldonum.fi\/wp-content\/uploads\/2020\/08\/Linda-hiotokoti-Peltola-mda.jpg\" alt=\"\" class=\"wp-image-293\" width=\"450\" srcset=\"https:\/\/www.kenneldonum.fi\/wp-content\/uploads\/2020\/08\/Linda-hiotokoti-Peltola-mda.jpg 519w, https:\/\/www.kenneldonum.fi\/wp-content\/uploads\/2020\/08\/Linda-hiotokoti-Peltola-mda-300x236.jpg 300w\" sizes=\"(max-width: 519px) 100vw, 519px\" \/><figcaption class=\"wp-element-caption\"><br><\/figcaption><\/figure>\n\n\n\n<figure class=\"wp-block-image size-large is-resized\"><img decoding=\"async\" src=\"https:\/\/www.kenneldonum.fi\/wp-content\/uploads\/2020\/08\/118394829_620793138561032_3505591702314476350_n-3.jpg\" alt=\"\" class=\"wp-image-329\" width=\"450\" srcset=\"https:\/\/www.kenneldonum.fi\/wp-content\/uploads\/2020\/08\/118394829_620793138561032_3505591702314476350_n-3.jpg 934w, https:\/\/www.kenneldonum.fi\/wp-content\/uploads\/2020\/08\/118394829_620793138561032_3505591702314476350_n-3-300x218.jpg 300w, https:\/\/www.kenneldonum.fi\/wp-content\/uploads\/2020\/08\/118394829_620793138561032_3505591702314476350_n-3-768x559.jpg 768w\" sizes=\"(max-width: 934px) 100vw, 934px\" \/><\/figure>\n\n\n\n<p>&#8221;Iloinen, touhukas ja aktiivinen&nbsp;<a href=\"https:\/\/jalostus.kennelliitto.fi\/frmKoira.aspx?RekNo=FI15431%2F18\">LINDA &#8211; Donum Dulce<\/a> on pienest\u00e4 asti tottunut erilaisiin ihmisiin. Linda tervehtii iloisesti kaikkia luvan saadessaan. Ty\u00f6paikallani mielenterveyskuntoutujien asumisyksik\u00f6ss\u00e4 Linda on tuttu n\u00e4ky &#8211; asukkaat kyselev\u00e4t usein, koska Linda tulee taas k\u00e4ym\u00e4\u00e4n. Linda viihtyy hyvin jokaisen lenkitt\u00e4j\u00e4n kaverina, eik\u00e4 se arastele liikkumisen apuv\u00e4lineit\u00e4. Linda on mukanani yksil\u00f6llisess\u00e4 ja ryhm\u00e4muotoisessa terapiassa ja asettuu mielell\u00e4\u00e4n rapsutettavaksi. Linda on hyv\u00e4 &#8221;ty\u00f6v\u00e4line&#8221;, sill\u00e4 el\u00e4imen l\u00e4sn\u00e4olo rentouttaa, her\u00e4tt\u00e4\u00e4 muistoja ja saa aikaan my\u00f6nteisi\u00e4 tunnekokemuksia.<br><br>Luonnetestiss\u00e4kin tuli esiin, ett\u00e4 Linda on utelias koira &#8211; se olisi mielell\u00e4\u00e4n mukana kaikissa askareissa. Se juoksentelee pihamaalla seuraillen puutarha- ja mets\u00e4t\u00f6it\u00e4. Harrastuksia&nbsp;ovat olleet nosework ja agility, eniten Linda pit\u00e4\u00e4 etsimisteht\u00e4vist\u00e4. Linda ei arastele kovia \u00e4\u00e4ni\u00e4.&#8221;<\/p>\n\n\n\n<p>ERI<\/p>\n\n\n\n<p>Lonkat: B\/B<\/p>\n\n\n\n<p>Kyyn\u00e4r 0\/0<\/p>\n\n\n\n<p>Silm\u00e4t:&nbsp;terveet 5.12.2019<\/p>\n\n\n\n<p>             terveet 20.1.2022<\/p>\n\n\n\n<p>prcd-PRA: B eli kantaja<\/p>\n\n\n\n<p>Kilpirauhasarvot:&nbsp;&nbsp;&nbsp;&nbsp;&nbsp;&nbsp;&nbsp;&nbsp;&nbsp;&nbsp;&nbsp;&nbsp;&nbsp;&nbsp;&nbsp;&nbsp;&nbsp;&nbsp;&nbsp;&nbsp;&nbsp;&nbsp;&nbsp;<\/p>\n\n\n\n<p>TGAA:&nbsp;negative 5.12.2019&nbsp; &nbsp; &nbsp; &nbsp; &nbsp; &nbsp; &nbsp; &nbsp;&nbsp;<\/p>\n\n\n\n<p>T4\/TSH: ok&nbsp;5.12.2019&nbsp;&nbsp; &nbsp; &nbsp; &nbsp;&nbsp;<\/p>\n\n\n\n<p>Diluutio: D\/D (terve)<\/p>\n\n\n\n<p>HUU: kantaja<\/p>\n\n\n\n<p>NAD: terve, ei kantaja<\/p>\n\n\n\n<p>Lonkkaindeksi: 100<\/p>\n\n\n\n<p>S\u00e4k\u00e4korkeus n.43&nbsp;cm (ep\u00e4virallinen)<br><br><a href=\"https:\/\/youtu.be\/RGNIfkZI4c8\">Lindan Smatdogin pieni persoonallisuusarvio<\/a><\/p>\n\n\n\n<p><a href=\"https:\/\/dptq6gcytxmsf.cloudfront.net\/dog\/mdd\/870042565891-5ded87b1a47490e078dcc8e4.pdf\" target=\"_blank\" rel=\"noreferrer noopener\">Linda My Dog DNA<\/a><br><a rel=\"noreferrer noopener\" href=\"https:\/\/www.wisdompanel.com\/app\/s\/bs15xh\/summary\" target=\"_blank\">Wisdom Panel<\/a><\/p>\n\n\n\n<p><a href=\"https:\/\/jalostus.kennelliitto.fi\/frmTulos.aspx?Id_Tulos=3361603\" target=\"_blank\" rel=\"noreferrer noopener\">Luonnetesti: 188 pistett\u00e4, laukausvarma<\/a><a rel=\"noreferrer noopener\" href=\"188 pistett\u00e4, laukausvarma\" target=\"_blank\"><br><\/a><br><br><br><\/p>\n\n\n\n<figure class=\"wp-block-image size-large is-resized\"><img decoding=\"async\" src=\"https:\/\/www.kenneldonum.fi\/wp-content\/uploads\/2020\/08\/eppu.jpg\" alt=\"\" class=\"wp-image-294\" width=\"450\" srcset=\"https:\/\/www.kenneldonum.fi\/wp-content\/uploads\/2020\/08\/eppu.jpg 960w, https:\/\/www.kenneldonum.fi\/wp-content\/uploads\/2020\/08\/eppu-300x300.jpg 300w, https:\/\/www.kenneldonum.fi\/wp-content\/uploads\/2020\/08\/eppu-150x150.jpg 150w, https:\/\/www.kenneldonum.fi\/wp-content\/uploads\/2020\/08\/eppu-768x768.jpg 768w\" sizes=\"(max-width: 960px) 100vw, 960px\" \/><\/figure>\n\n\n\n<figure class=\"wp-block-image size-large is-resized\"><img decoding=\"async\" src=\"https:\/\/www.kenneldonum.fi\/wp-content\/uploads\/2020\/08\/117712448_1459571310906604_3978287241018479650_n.jpg\" alt=\"\" class=\"wp-image-327\" width=\"450\" srcset=\"https:\/\/www.kenneldonum.fi\/wp-content\/uploads\/2020\/08\/117712448_1459571310906604_3978287241018479650_n.jpg 720w, https:\/\/www.kenneldonum.fi\/wp-content\/uploads\/2020\/08\/117712448_1459571310906604_3978287241018479650_n-225x300.jpg 225w\" sizes=\"(max-width: 720px) 100vw, 720px\" \/><\/figure>\n\n\n\n<p><a href=\"https:\/\/jalostus.kennelliitto.fi\/frmKoira.aspx?RekNo=FI52239%2F16\">EPPU &#8211; Vivaracho Destino<\/a> on sosiaalinen, avoin ja hieman j\u00e4\u00e4r\u00e4p\u00e4inen peruspartiolainen: &#8221;Aina valmiina&#8221; ja kaikessa mukana kulkeva koira.&nbsp;Luonntestiss\u00e4 luoksep\u00e4\u00e4st\u00e4vyys +3: Hyv\u00e4ntahtoinen, luoksep\u00e4\u00e4st\u00e4v\u00e4 avoin.&nbsp;&nbsp;Eppu on my\u00f6s energinen ja ihmisen seurassa hyvin viihtyv\u00e4 koira. Ulkona energiaa riitt\u00e4\u00e4 tuntitolkulla ja sis\u00e4ll\u00e4 on rauhallinen kaveri.&nbsp;<\/p>\n\n\n\n<p>Eppu rakastaa toisia koiria ja h\u00e4nell\u00e4 on paljon koirakamuja. Niin narttuja kuin uroksia. Eppu haluaisi mieluiten olla kaikkien kaveri, mutta miehistytty\u00e4\u00e4n alkoi osa uroskavereista \u00e4risem\u00e4\u00e4n ja niiden kohdalla Eppu kyll\u00e4 pit\u00e4\u00e4 huolen ettei j\u00e4\u00e4 kakkoseksi. My\u00f6s kaikki ihmiset kelpaa leikkikavereiksi ja varsinkin rapsuttajiksi. Eppu rakastaa hellittely\u00e4 ja silittely\u00e4. Kiitokseksi huomionosoituksistasi h\u00e4n nuolee korvasi puhtaiksi.<\/p>\n\n\n\n<p>Koska Eppu on hankittu kotikoiraksi, ei h\u00e4nen kanssaan harrasteta erityisesti mit\u00e4\u00e4n lajia. Pentukurssi on suoritettu loistavin arvosanoin, Eppu oppi kaiken hetkess\u00e4. Uuden oppiminen on helppoa, kunhan se tapahtuu yhteisymm\u00e4rryksess\u00e4. Jos ihmiselt\u00e4 menee hermo, Eppu p\u00e4\u00e4tt\u00e4\u00e4 ett\u00e4: &#8221;t\u00e4\u00e4 oli t\u00e4ss\u00e4&#8221; ja lopettaa ty\u00f6skentelyn. Fiksu kaveri! Ollaan harjoiteltu perus-tottista ja v\u00e4h\u00e4n kokeiltu agi-hyppyj\u00e4 ja putkeen sukellusta. Eniten Eppu nauttii nen\u00e4ty\u00f6skentelyst\u00e4. J\u00e4lke\u00e4 ollaankin vedetty olan takaa pitkin metsi\u00e4. Muutoinkin Eppu on er\u00e4jorma ja viihtyy hyvin mets\u00e4ss\u00e4 tutkien ja touhottaen. Eppu on kulkenut matkassa niin kuorma-autohommissa, sosiaalitoimistossa toimistot\u00f6iss\u00e4 ja asiakastapaamisilla ty\u00f6parina, kuin vapaa-aikana kalareissuilla, vaelluksilla, pilkill\u00e4 ja kaupunkilomilla. T\u00e4st\u00e4 koirasta on kaikkeen. Vaikka Eppu onkin mielell\u00e4\u00e4n kaikessa mukana, j\u00e4\u00e4 h\u00e4n tarvittaessa my\u00f6s yksin kotiin eik\u00e4 k\u00e4rsi eroahdistuksesta.<br>&nbsp;<\/p>\n\n\n\n<p>EH<\/p>\n\n\n\n<p>Lonkat: B\/B<\/p>\n\n\n\n<p>Kyyn\u00e4r 0\/0<\/p>\n\n\n\n<p>polvet: 0\/0<\/p>\n\n\n\n<p>selk\u00e4: VA0, LTV0<\/p>\n\n\n\n<p>kivekset: normaalit<\/p>\n\n\n\n<p>Silm\u00e4t:&nbsp;terveet 19.8.2020&nbsp;<\/p>\n\n\n\n<p>prcd-PRA: A eli terve&nbsp;<\/p>\n\n\n\n<p>Kilpirauhasarvot:&nbsp;&nbsp;&nbsp;&nbsp;&nbsp;&nbsp;&nbsp;&nbsp;&nbsp;&nbsp;&nbsp;&nbsp;&nbsp;&nbsp;&nbsp;&nbsp;&nbsp;&nbsp;&nbsp;&nbsp;&nbsp;&nbsp;&nbsp;<\/p>\n\n\n\n<p>TGAA:&nbsp;negative 2018&nbsp; &nbsp; &nbsp; &nbsp; &nbsp; &nbsp; &nbsp; &nbsp;<\/p>\n\n\n\n<p>T4\/TSH: ok&nbsp;2018<\/p>\n\n\n\n<p>HUU: terve<\/p>\n\n\n\n<p>Lonkkaindeksi: 105<\/p>\n\n\n\n<p>S\u00e4k\u00e4korkeus n.45&nbsp;cm (ep\u00e4virallinen)<\/p>\n\n\n\n<p><a rel=\"noreferrer noopener\" href=\"https:\/\/jalostus.kennelliitto.fi\/frmTulos.aspx?Id_Tulos=3113086\" target=\"_blank\">Luonnetesti: 101 pistett\u00e4<\/a><\/p>\n\n\n\n<p><a href=\"https:\/\/jalostus.kennelliitto.fi\/Jalostustarkastus.ashx?Id=787\" target=\"_blank\" rel=\"noreferrer noopener\">K\u00e4ytt\u00e4ytymisen jalostustarkastus<\/a><\/p>\n","protected":false},"excerpt":{"rendered":"<p>Linda &amp; EppuPennut syntyiv\u00e4t 20.10.2020 Yhdistelm\u00e4 t\u00e4ytt\u00e4\u00e4 rotuj\u00e4rjest\u00f6n pentuv\u00e4lityksen vaatimukset ja suositukset Nimesin G-pentueen \u00e4skett\u00e4in kuolleen kennelin kantanartun, Mintun muistolle (kaikki kennelin kasvatit ovat h\u00e4nen j\u00e4lkel\u00e4isi\u00e4\u00e4n). Minttu on my\u00f6s n\u00e4iden pentujen isoiso\u00e4iti.Mintun kennelnimi oli Concurrido Gala, joka tarkoittaa juhlaa. Ja vastaavasti kennelnimeni latinan Donum tarkoittaa lahjaa, lahjakasta tai juhlaa. G-pentujen kennelnimet:Donum Galaxia &#8211; johdettu gala-sanasta, [&hellip;]<\/p>\n","protected":false},"author":1,"featured_media":0,"parent":28,"menu_order":8,"comment_status":"closed","ping_status":"closed","template":"","meta":{"footnotes":""},"class_list":["post-77","page","type-page","status-publish","hentry"],"_links":{"self":[{"href":"https:\/\/www.kenneldonum.fi\/index.php\/wp-json\/wp\/v2\/pages\/77","targetHints":{"allow":["GET"]}}],"collection":[{"href":"https:\/\/www.kenneldonum.fi\/index.php\/wp-json\/wp\/v2\/pages"}],"about":[{"href":"https:\/\/www.kenneldonum.fi\/index.php\/wp-json\/wp\/v2\/types\/page"}],"author":[{"embeddable":true,"href":"https:\/\/www.kenneldonum.fi\/index.php\/wp-json\/wp\/v2\/users\/1"}],"replies":[{"embeddable":true,"href":"https:\/\/www.kenneldonum.fi\/index.php\/wp-json\/wp\/v2\/comments?post=77"}],"version-history":[{"count":34,"href":"https:\/\/www.kenneldonum.fi\/index.php\/wp-json\/wp\/v2\/pages\/77\/revisions"}],"predecessor-version":[{"id":937,"href":"https:\/\/www.kenneldonum.fi\/index.php\/wp-json\/wp\/v2\/pages\/77\/revisions\/937"}],"up":[{"embeddable":true,"href":"https:\/\/www.kenneldonum.fi\/index.php\/wp-json\/wp\/v2\/pages\/28"}],"wp:attachment":[{"href":"https:\/\/www.kenneldonum.fi\/index.php\/wp-json\/wp\/v2\/media?parent=77"}],"curies":[{"name":"wp","href":"https:\/\/api.w.org\/{rel}","templated":true}]}}