{"id":166,"date":"2020-06-03T10:49:49","date_gmt":"2020-06-03T08:49:49","guid":{"rendered":"http:\/\/www.kenneldonum.fi\/?page_id=166"},"modified":"2021-01-25T10:27:41","modified_gmt":"2021-01-25T08:27:41","slug":"muistoissa","status":"publish","type":"page","link":"https:\/\/www.kenneldonum.fi\/index.php\/omat-koirat\/muistoissa\/","title":{"rendered":"Muistoissa"},"content":{"rendered":"\n<p class=\"has-medium-font-size\"><a href=\"http:\/\/jalostus.kennelliitto.fi\/frmKoira.aspx?RekNo=FIN58815\/07&amp;R=298\">Lumi &#8211;&nbsp;JV-08&nbsp;Foogel Benedetta Brava<\/a><\/p>\n\n\n\n<p>Lagotto Romagnolo<\/p>\n\n\n\n<figure class=\"wp-block-image size-large\"><img loading=\"lazy\" decoding=\"async\" width=\"350\" height=\"239\" src=\"https:\/\/www.kenneldonum.fi\/wp-content\/uploads\/2020\/06\/Lumi-ravaa.jpg\" alt=\"\" class=\"wp-image-167\" srcset=\"https:\/\/www.kenneldonum.fi\/wp-content\/uploads\/2020\/06\/Lumi-ravaa.jpg 350w, https:\/\/www.kenneldonum.fi\/wp-content\/uploads\/2020\/06\/Lumi-ravaa-300x205.jpg 300w\" sizes=\"auto, (max-width: 350px) 100vw, 350px\" \/><\/figure>\n\n\n\n<p>Rakas Lumi nukkui&nbsp;syliss\u00e4ni&nbsp;l\u00e4\u00e4k\u00e4rin avustamana pois luotamme 15.6.2013&nbsp;\u00e4killisen vuotavan ohutsuolihaavauman ja vakavan vatsakalvotulehduksen takia.<\/p>\n\n\n\n<p><br>Lumi oli maailman kiltein koira, eritt\u00e4in avoin, aina iloinen kaikkien kaveri.<\/p>\n\n\n\n<p>Uiminen oli Lumin lempipuuhaa ja muiden hakiessa keppi\u00e4, Lumi uiskenteli pitki\u00e4 kaarroksia kaukana rannasta elementist\u00e4 todella nauttien.&nbsp;<\/p>\n\n\n\n<p>Toinen intohimo Lumilla oli luiden hamstraaminen, &nbsp;t\u00e4ss\u00e4 asiassa voisi jo puhua pakkomielteest\u00e4.&nbsp;<\/p>\n\n\n\n<p>Kaikki talon luut kuuluivat Lumille, joita se sitten mustasukkaisesti vartioi muilta koirilta.<\/p>\n\n\n\n<p>Tassunj\u00e4lkesi s\u00e4ilyv\u00e4t aina syd\u00e4miss\u00e4mme rakas h\u00f6mpp\u00e4mme &lt;3<\/p>\n\n\n\n<p>Kiitos ajasta jonka saimme nauttia ihanasta luonteestasi, Lumi.<\/p>\n\n\n\n<p>Suru on suuri ja sanaton, mutta tied\u00e4n nyt on kivut poissa ja sun hyv\u00e4 olla on.<br><br>Lep\u00e4\u00e4 rauhassa.<br>&nbsp;<\/p>\n\n\n\n<p>Lumi uudelleen lonkka- ja kyyn\u00e4rkuvattiin 2011 (ei virallista lausumaa Kennelliitosta uusista kuvista&nbsp;, arvioija elt Per Axelson) lonkat D\/E , kyyn\u00e4r\u00e4t 1\/2<br>oli kipul\u00e4\u00e4kityksell\u00e4 dysplasian takia<br>Obduktiossa todettiin IBD<\/p>\n\n\n\n<p>&#8212;&#8212;&#8212;&#8212;&#8212;&#8212;&#8212;&#8212;&#8212;&#8212;&#8212;&#8212;&#8212;&#8212;&#8212;&#8212;&#8212;&#8212;&#8212;&#8212;&#8212;&#8212;&#8212;&#8212;&#8212;&#8212;&#8212;&#8212;&#8212;&#8212;&#8212;&#8212;&#8212;&#8212;&#8212;&#8212;&#8212;&#8212;&#8212;&#8212;-<\/p>\n\n\n\n<p class=\"has-medium-font-size\"><a rel=\"noreferrer noopener\" href=\"https:\/\/jalostus.kennelliitto.fi\/frmKoira.aspx?RekNo=FI59996%2F11&amp;R=336\" target=\"_blank\">Panda &#8211; Donum Amor<\/a><\/p>\n\n\n\n<p>Perro de Agua Espa\u00f1ol &#8211;&nbsp;espanjanvesikoira<\/p>\n\n\n\n<figure class=\"wp-block-image size-large is-resized\"><img decoding=\"async\" src=\"https:\/\/www.kenneldonum.fi\/wp-content\/uploads\/2020\/09\/Panda-erkkari-2013-anna-kokko-nettiin.jpg\" alt=\"\" class=\"wp-image-361\" width=\"350\" srcset=\"https:\/\/www.kenneldonum.fi\/wp-content\/uploads\/2020\/09\/Panda-erkkari-2013-anna-kokko-nettiin.jpg 425w, https:\/\/www.kenneldonum.fi\/wp-content\/uploads\/2020\/09\/Panda-erkkari-2013-anna-kokko-nettiin-300x200.jpg 300w\" sizes=\"(max-width: 425px) 100vw, 425px\" \/><figcaption>Kuva Anna Kokko<\/figcaption><\/figure>\n\n\n\n<p>Lonkat: A\/A<\/p>\n\n\n\n<p>Kyyn\u00e4r 0\/0<\/p>\n\n\n\n<p>Silm\u00e4t: terveet 27.5.2013<\/p>\n\n\n\n<p>TGAA: negative 27.5.2013<\/p>\n\n\n\n<p>T4\/TSH: ok 27.5.2013&nbsp;<\/p>\n\n\n\n<p>S\u00e4k\u00e4korkeus 45 cm (ep\u00e4virallinen)<\/p>\n\n\n\n<p>Perusterve<\/p>\n","protected":false},"excerpt":{"rendered":"<p>Lumi &#8211;&nbsp;JV-08&nbsp;Foogel Benedetta Brava Lagotto Romagnolo Rakas Lumi nukkui&nbsp;syliss\u00e4ni&nbsp;l\u00e4\u00e4k\u00e4rin avustamana pois luotamme 15.6.2013&nbsp;\u00e4killisen vuotavan ohutsuolihaavauman ja vakavan vatsakalvotulehduksen takia. Lumi oli maailman kiltein koira, eritt\u00e4in avoin, aina iloinen kaikkien kaveri. Uiminen oli Lumin lempipuuhaa ja muiden hakiessa keppi\u00e4, Lumi uiskenteli pitki\u00e4 kaarroksia kaukana rannasta elementist\u00e4 todella nauttien.&nbsp; Toinen intohimo Lumilla oli luiden hamstraaminen, &nbsp;t\u00e4ss\u00e4 asiassa [&hellip;]<\/p>\n","protected":false},"author":1,"featured_media":0,"parent":26,"menu_order":0,"comment_status":"closed","ping_status":"closed","template":"","meta":{"footnotes":""},"class_list":["post-166","page","type-page","status-publish","hentry"],"_links":{"self":[{"href":"https:\/\/www.kenneldonum.fi\/index.php\/wp-json\/wp\/v2\/pages\/166","targetHints":{"allow":["GET"]}}],"collection":[{"href":"https:\/\/www.kenneldonum.fi\/index.php\/wp-json\/wp\/v2\/pages"}],"about":[{"href":"https:\/\/www.kenneldonum.fi\/index.php\/wp-json\/wp\/v2\/types\/page"}],"author":[{"embeddable":true,"href":"https:\/\/www.kenneldonum.fi\/index.php\/wp-json\/wp\/v2\/users\/1"}],"replies":[{"embeddable":true,"href":"https:\/\/www.kenneldonum.fi\/index.php\/wp-json\/wp\/v2\/comments?post=166"}],"version-history":[{"count":6,"href":"https:\/\/www.kenneldonum.fi\/index.php\/wp-json\/wp\/v2\/pages\/166\/revisions"}],"predecessor-version":[{"id":411,"href":"https:\/\/www.kenneldonum.fi\/index.php\/wp-json\/wp\/v2\/pages\/166\/revisions\/411"}],"up":[{"embeddable":true,"href":"https:\/\/www.kenneldonum.fi\/index.php\/wp-json\/wp\/v2\/pages\/26"}],"wp:attachment":[{"href":"https:\/\/www.kenneldonum.fi\/index.php\/wp-json\/wp\/v2\/media?parent=166"}],"curies":[{"name":"wp","href":"https:\/\/api.w.org\/{rel}","templated":true}]}}