{"id":142,"date":"2020-06-03T10:04:36","date_gmt":"2020-06-03T08:04:36","guid":{"rendered":"http:\/\/www.kenneldonum.fi\/?page_id=142"},"modified":"2025-03-27T21:11:15","modified_gmt":"2025-03-27T19:11:15","slug":"ruska","status":"publish","type":"page","link":"https:\/\/www.kenneldonum.fi\/index.php\/omat-koirat\/ruska\/","title":{"rendered":"Ruska"},"content":{"rendered":"\n<p class=\"has-medium-font-size\"><a href=\"https:\/\/jalostus.kennelliitto.fi\/frmKoira.aspx?RekNo=FI52503%2F13&amp;R=336\">Donum Bene &#8211; Ruska<\/a><\/p>\n\n\n\n<figure class=\"wp-block-image size-large is-resized\"><img loading=\"lazy\" decoding=\"async\" width=\"742\" height=\"1024\" src=\"https:\/\/www.kenneldonum.fi\/wp-content\/uploads\/2020\/06\/Ruska-meja-2-742x1024.jpg\" alt=\"\" class=\"wp-image-143\" style=\"width:406px;height:560px\" srcset=\"https:\/\/www.kenneldonum.fi\/wp-content\/uploads\/2020\/06\/Ruska-meja-2-742x1024.jpg 742w, https:\/\/www.kenneldonum.fi\/wp-content\/uploads\/2020\/06\/Ruska-meja-2-217x300.jpg 217w, https:\/\/www.kenneldonum.fi\/wp-content\/uploads\/2020\/06\/Ruska-meja-2-768x1060.jpg 768w, https:\/\/www.kenneldonum.fi\/wp-content\/uploads\/2020\/06\/Ruska-meja-2-1113x1536.jpg 1113w, https:\/\/www.kenneldonum.fi\/wp-content\/uploads\/2020\/06\/Ruska-meja-2.jpg 1333w\" sizes=\"auto, (max-width: 742px) 100vw, 742px\" \/><\/figure>\n\n\n\n<figure class=\"wp-block-image size-large is-resized\"><img loading=\"lazy\" decoding=\"async\" width=\"546\" height=\"349\" src=\"https:\/\/www.kenneldonum.fi\/wp-content\/uploads\/2020\/08\/Ruska-Tuomarikyl\u00e4-EH-030917-vain-koira.jpg\" alt=\"\" class=\"wp-image-314\" style=\"width:450px\" srcset=\"https:\/\/www.kenneldonum.fi\/wp-content\/uploads\/2020\/08\/Ruska-Tuomarikyl\u00e4-EH-030917-vain-koira.jpg 546w, https:\/\/www.kenneldonum.fi\/wp-content\/uploads\/2020\/08\/Ruska-Tuomarikyl\u00e4-EH-030917-vain-koira-300x192.jpg 300w\" sizes=\"auto, (max-width: 546px) 100vw, 546px\" \/><\/figure>\n\n\n\n<figure class=\"wp-block-image size-large is-resized\"><img loading=\"lazy\" decoding=\"async\" width=\"425\" height=\"306\" src=\"https:\/\/www.kenneldonum.fi\/wp-content\/uploads\/2020\/08\/Ruska-kuuraparta.jpg\" alt=\"\" class=\"wp-image-308\" style=\"width:450px\" srcset=\"https:\/\/www.kenneldonum.fi\/wp-content\/uploads\/2020\/08\/Ruska-kuuraparta.jpg 425w, https:\/\/www.kenneldonum.fi\/wp-content\/uploads\/2020\/08\/Ruska-kuuraparta-300x216.jpg 300w\" sizes=\"auto, (max-width: 425px) 100vw, 425px\" \/><\/figure>\n\n\n\n<figure class=\"wp-block-image size-large is-resized\"><img loading=\"lazy\" decoding=\"async\" width=\"1024\" height=\"686\" src=\"https:\/\/www.kenneldonum.fi\/wp-content\/uploads\/2020\/08\/ruska-fripaillee-2-1024x686.jpg\" alt=\"\" class=\"wp-image-310\" style=\"width:450px\" srcset=\"https:\/\/www.kenneldonum.fi\/wp-content\/uploads\/2020\/08\/ruska-fripaillee-2-1024x686.jpg 1024w, https:\/\/www.kenneldonum.fi\/wp-content\/uploads\/2020\/08\/ruska-fripaillee-2-300x201.jpg 300w, https:\/\/www.kenneldonum.fi\/wp-content\/uploads\/2020\/08\/ruska-fripaillee-2-768x514.jpg 768w, https:\/\/www.kenneldonum.fi\/wp-content\/uploads\/2020\/08\/ruska-fripaillee-2.jpg 1301w\" sizes=\"auto, (max-width: 1024px) 100vw, 1024px\" \/><\/figure>\n\n\n\n<figure class=\"wp-block-image size-large is-resized\"><img loading=\"lazy\" decoding=\"async\" width=\"1017\" height=\"597\" src=\"https:\/\/www.kenneldonum.fi\/wp-content\/uploads\/2020\/08\/Ruska-paimentaa1.jpg\" alt=\"\" class=\"wp-image-311\" style=\"width:450px\" srcset=\"https:\/\/www.kenneldonum.fi\/wp-content\/uploads\/2020\/08\/Ruska-paimentaa1.jpg 1017w, https:\/\/www.kenneldonum.fi\/wp-content\/uploads\/2020\/08\/Ruska-paimentaa1-300x176.jpg 300w, https:\/\/www.kenneldonum.fi\/wp-content\/uploads\/2020\/08\/Ruska-paimentaa1-768x451.jpg 768w\" sizes=\"auto, (max-width: 1017px) 100vw, 1017px\" \/><\/figure>\n\n\n\n<figure class=\"wp-block-image size-large is-resized\"><img loading=\"lazy\" decoding=\"async\" width=\"1024\" height=\"683\" src=\"https:\/\/www.kenneldonum.fi\/wp-content\/uploads\/2020\/08\/11026242_10153108801817937_673454139221260567_o-1024x683.jpg\" alt=\"\" class=\"wp-image-312\" style=\"width:450px\" srcset=\"https:\/\/www.kenneldonum.fi\/wp-content\/uploads\/2020\/08\/11026242_10153108801817937_673454139221260567_o-1024x683.jpg 1024w, https:\/\/www.kenneldonum.fi\/wp-content\/uploads\/2020\/08\/11026242_10153108801817937_673454139221260567_o-300x200.jpg 300w, https:\/\/www.kenneldonum.fi\/wp-content\/uploads\/2020\/08\/11026242_10153108801817937_673454139221260567_o-768x512.jpg 768w, https:\/\/www.kenneldonum.fi\/wp-content\/uploads\/2020\/08\/11026242_10153108801817937_673454139221260567_o-1536x1024.jpg 1536w, https:\/\/www.kenneldonum.fi\/wp-content\/uploads\/2020\/08\/11026242_10153108801817937_673454139221260567_o.jpg 2048w\" sizes=\"auto, (max-width: 1024px) 100vw, 1024px\" \/><\/figure>\n\n\n\n<p>AVO-ERI<\/p>\n\n\n\n<p>Lonkat: A\/A<\/p>\n\n\n\n<p>Kyyn\u00e4r 0\/0<\/p>\n\n\n\n<p>Kilpirauhasarvot: &nbsp; &nbsp;<\/p>\n\n\n\n<p>TGAA:&nbsp;negative 9.8.2017&nbsp; &nbsp; &nbsp; &nbsp; &nbsp; &nbsp; &nbsp;<\/p>\n\n\n\n<p>T4\/TSH: ok&nbsp;9.8.2017<\/p>\n\n\n\n<p>T4\/TSH: ok\u00a024.1.2024<\/p>\n\n\n\n<p>Diluutio: D\/D (vanhempien perusteella)<\/p>\n\n\n\n<p>Lonkkaindeksi: 109<\/p>\n\n\n\n<p>S\u00e4k\u00e4korkeus 41&nbsp;cm (ep\u00e4virallinen)<br><br>Ruska on eritt\u00e4in hyv\u00e4luonteinen ja avoin espanjanvesikoira. Koira soveltuu hyvin niin kotikoiraksi, kuin ajoittaiseen eri lajien harrasteluun. Ruska suhtautuu iloisesti sek\u00e4&nbsp;vieraisiin ihmisiin, kuin toisiin koiriin. Esimerkiksi joka kes\u00e4isell\u00e4 perroleirill\u00e4 Ruska juoksee pihalla muitta mutkitta vapaana ison koiralauman seassa, joista suurin osa on aivan vieraita koiria aina.&nbsp;<\/p>\n\n\n\n<p><br>Ruska jostain syyt\u00e4 ajattelee olevansa &#8221;sylikoira&#8221; ja kiipe\u00e4\u00e4 v\u00e4litt\u00f6m\u00e4n\u00e4 vieraan ihmisen syliin, niin vieraissa paikoissa, kuin kotonakin.<\/p>\n\n\n\n<p><br>Ruska on ollut koko 5 -vuotisen ik\u00e4ns\u00e4 t\u00e4ysin terve. L\u00e4\u00e4k\u00e4riss\u00e4 on k\u00e4yty vain rokotuksilla.<br><br>Koiran ruskea turkki on pysynyt aivan tummanruskeana, ruskeat espanjanvesikoirat kun usein harmaantuvat jo nuorella i\u00e4ll\u00e4.&nbsp;<br><br>Olen k\u00e4ynyt koiran kanssa kokeilemassa pari kertaa paimennusta ja koiralla selv\u00e4sti \u201dlamput syttyi\u201d.<br><br>Mej\u00e4ss\u00e4 veti heti ensimm\u00e4isell\u00e4 kerralla tarkasti 500 metrin j\u00e4ljen ja otti sorkan kaadolla suuhun. Mej\u00e4n yhteydess\u00e4 ollaan my\u00f6s kokeiltu laukauksen sietoa ja koira on t\u00e4ysin laukausvarma, ei korvaansa lotkauttanut. Perroleirill\u00e4 ollaan my\u00f6s testattu SPA-koetta, jonka yhteydess\u00e4 on kokeiltu laukauksen sietoa, eik\u00e4 edelleenk\u00e4\u00e4n noteeranut laukausta mitenk\u00e4\u00e4n.<br><br>Koira ei&nbsp;muutenkaa reagoi&nbsp;koviin&nbsp;\u00e4\u00e4niin, esim. uuden vuoden paukuttelua ei pelk\u00e4\u00e4. Ruskan yksi veli on aktiivik\u00e4yt\u00f6ss\u00e4 linnustamisessa ja otettiin aivan puhtaasti lintukoiraksi.&nbsp;<a href=\"https:\/\/www.facebook.com\/aaki.vihavainen\/posts\/10156581710857937?hc_location=ufi\">Veli on suorittanut SPA-kokeen hyvin arvioin<\/a>. Samoin&nbsp;<a href=\"https:\/\/www.kenneldonum.fi\/index.php\/omat-koirat\/muistoissa\/130-2\/133-2\/\" target=\"_blank\" rel=\"noreferrer noopener\">Ruskan em\u00e4 <\/a>ensimm\u00e4isten suomalaisten espanjanvesikoirien joukossa.<\/p>\n","protected":false},"excerpt":{"rendered":"<p>Donum Bene &#8211; Ruska AVO-ERI Lonkat: A\/A Kyyn\u00e4r 0\/0 Kilpirauhasarvot: &nbsp; &nbsp; TGAA:&nbsp;negative 9.8.2017&nbsp; &nbsp; &nbsp; &nbsp; &nbsp; &nbsp; &nbsp; T4\/TSH: ok&nbsp;9.8.2017 T4\/TSH: ok\u00a024.1.2024 Diluutio: D\/D (vanhempien perusteella) Lonkkaindeksi: 109 S\u00e4k\u00e4korkeus 41&nbsp;cm (ep\u00e4virallinen) Ruska on eritt\u00e4in hyv\u00e4luonteinen ja avoin espanjanvesikoira. Koira soveltuu hyvin niin kotikoiraksi, kuin ajoittaiseen eri lajien harrasteluun. Ruska suhtautuu iloisesti sek\u00e4&nbsp;vieraisiin ihmisiin, [&hellip;]<\/p>\n","protected":false},"author":1,"featured_media":0,"parent":26,"menu_order":0,"comment_status":"closed","ping_status":"closed","template":"","meta":{"footnotes":""},"class_list":["post-142","page","type-page","status-publish","hentry"],"_links":{"self":[{"href":"https:\/\/www.kenneldonum.fi\/index.php\/wp-json\/wp\/v2\/pages\/142","targetHints":{"allow":["GET"]}}],"collection":[{"href":"https:\/\/www.kenneldonum.fi\/index.php\/wp-json\/wp\/v2\/pages"}],"about":[{"href":"https:\/\/www.kenneldonum.fi\/index.php\/wp-json\/wp\/v2\/types\/page"}],"author":[{"embeddable":true,"href":"https:\/\/www.kenneldonum.fi\/index.php\/wp-json\/wp\/v2\/users\/1"}],"replies":[{"embeddable":true,"href":"https:\/\/www.kenneldonum.fi\/index.php\/wp-json\/wp\/v2\/comments?post=142"}],"version-history":[{"count":6,"href":"https:\/\/www.kenneldonum.fi\/index.php\/wp-json\/wp\/v2\/pages\/142\/revisions"}],"predecessor-version":[{"id":1115,"href":"https:\/\/www.kenneldonum.fi\/index.php\/wp-json\/wp\/v2\/pages\/142\/revisions\/1115"}],"up":[{"embeddable":true,"href":"https:\/\/www.kenneldonum.fi\/index.php\/wp-json\/wp\/v2\/pages\/26"}],"wp:attachment":[{"href":"https:\/\/www.kenneldonum.fi\/index.php\/wp-json\/wp\/v2\/media?parent=142"}],"curies":[{"name":"wp","href":"https:\/\/api.w.org\/{rel}","templated":true}]}}